{"id":2,"date":"2025-11-14T02:15:42","date_gmt":"2025-11-14T02:15:42","guid":{"rendered":"http:\/\/quinceanera.emergestudio.dev\/?page_id=2"},"modified":"2025-11-30T06:17:15","modified_gmt":"2025-11-30T06:17:15","slug":"inicio","status":"publish","type":"page","link":"https:\/\/quinceanera.emergestudio.dev\/","title":{"rendered":"Inicio"},"content":{"rendered":"\n<div class=\"gb-element-9d573182\">\n<div class=\"gb-element-5ce4b083\">\n<p class=\"gb-text gb-text-d827a746\">\u00a1Et\u00e1s invitado!<\/p>\n\n\n\n<div class=\"gb-element-eec4b500\"><\/div>\n\n\n\n<div class=\"gb-element-e7f9aa81\"><\/div>\n\n\n\n<div class=\"gb-element-21329ac5\">\n<p class=\"gb-text gb-text-f5256b37\">Hoy celebro una de las etapas m\u00e1s importantes de mi vida,<br>un d\u00eda en el que los sue\u00f1os, la alegr\u00eda y la gratitud se unen.<br>Despu\u00e9s de tantos momentos compartidos, quiero vivir este instante tan especial junto a las personas que m\u00e1s quiero.<br><br>Ser\u00e1 un honor contar con tu presencia para celebrar mis XV a\u00f1os, una noche de m\u00fasica y recuerdos inolvidables.<br><\/p>\n<\/div>\n\n\n\n<div class=\"gb-element-e68fd585\">\n<div class=\"gb-element-03429717\">\n<div>\n<button class=\"gb-text-000927f6\"><span class=\"gb-shape\"><svg version=\"1.0\" id=\"Layer_1\" xmlns=\"http:\/\/www.w3.org\/2000\/svg\" xmlns:xlink=\"http:\/\/www.w3.org\/1999\/xlink\" x=\"0px\" y=\"0px\" width=\"100px\" height=\"100px\" viewBox=\"0 0 100 100\" enable-background=\"new 0 0 100 100\" xml:space=\"preserve\">\n<path d=\"M76.037,55H23.963c-0.404,1.613-0.63,3.283-0.63,5.002c0,7.543,4.109,14.232,10.457,18.496l2.067,8.27\n\tC36.302,88.545,38.167,90,40,90h20c1.832,0,3.697-1.455,4.141-3.232l2.066-8.27c6.352-4.264,10.459-10.953,10.459-18.496\n\tC76.666,58.283,76.438,56.613,76.037,55z M41.976,71.896c-3.515,1.455-7.251,0.496-8.342-2.145\n\tc-1.091-2.631,0.878-5.953,4.394-7.406c3.506-1.455,7.246-0.494,8.34,2.137C47.455,67.115,45.485,70.441,41.976,71.896z M45.833,80\n\tL50,73.332L54.166,80H45.833z M66.363,69.756c-1.088,2.637-4.824,3.596-8.344,2.141c-3.508-1.455-5.475-4.777-4.387-7.414\n\tc1.094-2.631,4.834-3.592,8.34-2.137C65.488,63.799,67.457,67.125,66.363,69.756z\"><\/path>\n<path d=\"M64.283,30.846C62.344,18.756,56.68,10,50,10c-6.68,0-12.341,8.746-14.279,20.826C27.079,31.829,18.444,33.75,10,36.666\n\tC10,44.029,15.97,50,23.333,50h53.333C84.029,50,90,44.029,90,36.666C81.789,33.821,73.145,31.871,64.283,30.846z M16.667,43.333\n\tl3.334-5l3.333,5H16.667z M26.667,43.333l3.334-5l3.333,5H26.667z M36.667,43.333l3.334-5l3.333,5H36.667z M46.667,43.333l3.334-5\n\tl3.332,5H46.667z M56.666,43.333l3.334-5l3.332,5H56.666z M66.666,43.333l3.334-5l3.332,5H66.666z M76.666,43.333l3.334-5l3.332,5\n\tH76.666z\"><\/path>\n<\/svg>\n<\/span><span class=\"gb-text\">Confirmar<\/span><\/button>\n<\/div>\n\n\n\n<div>\n<button class=\"gb-text-63c3b41f\"><span class=\"gb-shape\"><svg version=\"1.0\" id=\"Layer_1\" xmlns=\"http:\/\/www.w3.org\/2000\/svg\" xmlns:xlink=\"http:\/\/www.w3.org\/1999\/xlink\" x=\"0px\" y=\"0px\" width=\"100px\" height=\"100px\" viewBox=\"0 0 100 100\" enable-background=\"new 0 0 100 100\" xml:space=\"preserve\">\n<path d=\"M76.037,55H23.963c-0.404,1.613-0.63,3.283-0.63,5.002c0,7.543,4.109,14.232,10.457,18.496l2.067,8.27\n\tC36.302,88.545,38.167,90,40,90h20c1.832,0,3.697-1.455,4.141-3.232l2.066-8.27c6.352-4.264,10.459-10.953,10.459-18.496\n\tC76.666,58.283,76.438,56.613,76.037,55z M41.976,71.896c-3.515,1.455-7.251,0.496-8.342-2.145\n\tc-1.091-2.631,0.878-5.953,4.394-7.406c3.506-1.455,7.246-0.494,8.34,2.137C47.455,67.115,45.485,70.441,41.976,71.896z M45.833,80\n\tL50,73.332L54.166,80H45.833z M66.363,69.756c-1.088,2.637-4.824,3.596-8.344,2.141c-3.508-1.455-5.475-4.777-4.387-7.414\n\tc1.094-2.631,4.834-3.592,8.34-2.137C65.488,63.799,67.457,67.125,66.363,69.756z\"><\/path>\n<path d=\"M64.283,30.846C62.344,18.756,56.68,10,50,10c-6.68,0-12.341,8.746-14.279,20.826C27.079,31.829,18.444,33.75,10,36.666\n\tC10,44.029,15.97,50,23.333,50h53.333C84.029,50,90,44.029,90,36.666C81.789,33.821,73.145,31.871,64.283,30.846z M16.667,43.333\n\tl3.334-5l3.333,5H16.667z M26.667,43.333l3.334-5l3.333,5H26.667z M36.667,43.333l3.334-5l3.333,5H36.667z M46.667,43.333l3.334-5\n\tl3.332,5H46.667z M56.666,43.333l3.334-5l3.332,5H56.666z M66.666,43.333l3.334-5l3.332,5H66.666z M76.666,43.333l3.334-5l3.332,5\n\tH76.666z\"><\/path>\n<\/svg>\n<\/span><span class=\"gb-text\">Lista de regalos<\/span><\/button>\n<\/div>\n<\/div>\n<\/div>\n\n\n\n<div>\n<div class=\"gb-element-38b5244c\"><a name=\"rsvpArea\" id=\"rsvpArea\"><\/a><p class=\"rsvpParagraph\">The deadline to RSVP for this event has passed.<\/p>\r\n \n<\/div>\n<\/div>\n<\/div>\n<\/div>\n","protected":false},"excerpt":{"rendered":"<p>\u00a1Et\u00e1s invitado! Hoy celebro una de las etapas m\u00e1s importantes de mi vida,un d\u00eda en el que los sue\u00f1os, la alegr\u00eda y la gratitud se unen.Despu\u00e9s de tantos momentos compartidos, quiero vivir este instante tan especial junto a las personas que m\u00e1s quiero. Ser\u00e1 un honor contar con tu presencia para celebrar mis XV a\u00f1os, &#8230; <a title=\"Inicio\" class=\"read-more\" href=\"https:\/\/quinceanera.emergestudio.dev\/\" aria-label=\"Read more about Inicio\">Read more<\/a><\/p>\n","protected":false},"author":1,"featured_media":0,"parent":0,"menu_order":0,"comment_status":"closed","ping_status":"closed","template":"","meta":{"footnotes":""},"class_list":["post-2","page","type-page","status-publish"],"_links":{"self":[{"href":"https:\/\/quinceanera.emergestudio.dev\/index.php?rest_route=\/wp\/v2\/pages\/2","targetHints":{"allow":["GET"]}}],"collection":[{"href":"https:\/\/quinceanera.emergestudio.dev\/index.php?rest_route=\/wp\/v2\/pages"}],"about":[{"href":"https:\/\/quinceanera.emergestudio.dev\/index.php?rest_route=\/wp\/v2\/types\/page"}],"author":[{"embeddable":true,"href":"https:\/\/quinceanera.emergestudio.dev\/index.php?rest_route=\/wp\/v2\/users\/1"}],"replies":[{"embeddable":true,"href":"https:\/\/quinceanera.emergestudio.dev\/index.php?rest_route=%2Fwp%2Fv2%2Fcomments&post=2"}],"version-history":[{"count":93,"href":"https:\/\/quinceanera.emergestudio.dev\/index.php?rest_route=\/wp\/v2\/pages\/2\/revisions"}],"predecessor-version":[{"id":250,"href":"https:\/\/quinceanera.emergestudio.dev\/index.php?rest_route=\/wp\/v2\/pages\/2\/revisions\/250"}],"wp:attachment":[{"href":"https:\/\/quinceanera.emergestudio.dev\/index.php?rest_route=%2Fwp%2Fv2%2Fmedia&parent=2"}],"curies":[{"name":"wp","href":"https:\/\/api.w.org\/{rel}","templated":true}]}}